564 + 1026. Suppose -4*l + 0*l = -8. Suppose -11 = l*q - o. What are the prime factors of q?
3, 7
Suppose 3*o - 36 = 9*o. Let j(u) = u**2 + 3*u + 5. What are the prime factors of j(o)?
23
Let o(y) = -y**2. Let s(k) = -3*k**2 + 2*k + 5. Let m(j) = 2*o(j) - s(j). Suppose -2*x + 5 = 3*c, 0*x = x + 3*c - 1. What are the prime factors of m(x)?
3
Suppose -6*t + 10 = -t. Suppose -4*x = -0*r + r + 14, 16 = -4*x - t*r. What are the prime factors of x + (-13)/((-13)/30)?
3
Suppose 2*n + 36 = 126. Suppose n = 4*q + 13. List the prime factors of q.
2
Let s be 1 + -1 + (14 - 3). Let b = -37 + s. Let p = b + 41. What are the prime factors of p?
3, 5
Suppose -4*x + 1892 = -8*s + 10*s, -3*x = s - 1419. List the prime factors of x.
11, 43
Let i = 14 - 19. List the prime factors of (-650)/(-6) + ((-30)/(-18))/i.
2, 3
Suppose 0 = 5*i - 8*i + 6. Let m(k) = -i - 2*k - k**3 + k + 19. List the prime factors of m(0).
17
List the prime factors of 3212/(20/5) - (0 + 6).
797
Suppose 2*m = a + 85, 0 = 2*m + m + a - 125. Let f = m + 44. What are the prime factors of f?
2, 43
Suppose 2*f = -4*g + 16, -45 = -5*f - g - 4*g. Let l be (-18)/((-2)/(-4) - 1). Let m = l - f. List the prime factors of m.
2, 13
Let s = -360 - -997. What are the prime factors of s?
7, 13
List the prime factors of 10*(6 - (-5)/(-2)).
5, 7
Suppose -240 = -3*l - 0*l. Suppose -2*a + 5*a + l = -2*o, 4*a + 104 = -2*o. List the prime factors of 37/6 + 4/a.
2, 3
Suppose 0 = 4*h - 33 + 201. Let n = h - -77. What are the prime factors of n?
5, 7
Let i(t) = 2*t + 125. List the prime factors of i(17).
3, 53
Suppose -5161 - 2223 = -13*f. What are the prime factors of f?
2, 71
Suppose -72*l = -78*l + 4722. What are the prime factors of l?
787
Suppose -h + 2*h = 333. What are the prime factors of h?
3, 37
Let v be 6/8 - (-2763)/12. What are the prime factors of v/(-14)*(-8)/6?
2, 11
Let d be 0 + (-4)/(-6)*195. Let f = d + -54. List the prime factors of f.
2, 19
Let b(l) = 46*l - 8. Let z = 75 - 73. What are the prime factors of b(z)?
2, 3, 7
Let y be 4/(-14)*(-14)/2. Suppose -y*c + 0*c = 14. What are the prime factors of (c - -10)*(-1 + 2)?
3
Let f(j) = j + 14. Let i be f(-9). Let z(t) = t**2 + 4*t - 5. Let g(d) = d**2 + 3*d - 4. Let l(n) = i*g(n) - 4*z(n). List the prime factors of l(3).
2, 3
Suppose -27 + 37 = 2*y. Suppose 841 = 4*c - a, 443 = 2*c - y*a - 0*a. List the prime factors of c.
11, 19
Suppose 3*a + 408 = -4*b - a, -a = -3*b - 310. Let c = b + 37. Let l = 96 + c. What are the prime factors of l?
2, 3, 5
Suppose 5*i - 75 - 20 = 0. Let c = i - 16. Let y = 12 + c. What are the prime factors of y?
3, 5
Let k = 846 - 421. List the prime factors of k.
5, 17
Let m(v) = 2*v**2 + 14*v + 5. Suppose -7 = 2*r + 11. List the prime factors of m(r).
41
Let w be (-881)/2*(1 - -1). Let t = -560 - w. What are the prime factors of t?
3, 107
Let o = -1865 + 3262. What are the prime factors of o?
11, 127
Suppose 3 + 5 = -2*k. Let h = k - -6. List the prime factors of h.
2
Suppose 0 = -5*w - 5. Let z be 55/15 - w/3. Suppose -z*u = 1 - 13, u = -4*s + 95. What are the prime factors of s?
23
Let l = 17 + -7. List the prime factors of (-5)/(-25) + 798/l.
2, 5
Suppose 3*j - 35 = 5*t, -4*j - 6*t = -t. Suppose 0 = -j*w - 2*s + 129 - 7, 0 = -5*w - s + 126. What are the prime factors of w?
2, 13
Suppose 27*i = 24*i + 9. Suppose 2*m = -3*z - 5, -5*m + i = z - 4. Suppose a - 36 = -4*b + 16, 86 = m*a + 2*b. What are the prime factors of a?
2, 5
Let s = -1770 + 3136. What are the prime factors of s?
2, 683
Let l = 45 - -650. List the prime factors of l.
5, 139
Suppose 5*z = 5, 62 = 2*x + x - 4*z. Suppose -x = -4*u + 10. List the prime factors of u.
2
Suppose -9*x - 10865 = -36560. List the prime factors of x.
5, 571
Let j(l) = -l**3 - 5*l**2 - 120*l - 15. What are the prime factors of j(-9)?
3, 463
Suppose 3*p = -3*w, p - 4*w = -4*p. Let u be 2*9 + p/(-6). Suppose 0 = -3*r + 78 + u. What are the prime factors of r?
2
Suppose 1969 = -3*v + 14*v. List the prime factors of v.
179
Let q = 1170 - 341. What are the prime factors of q?
829
Let f be (-12 + 11)/(2/(-4)). Suppose f*z = -2*z. Suppose z*p - 3*p = 2*h - 33, 0 = 5*h + 3*p - 96. List the prime factors of h.
3, 7
Let l(o) = o**3 - 3*o**2 - 9*o - 2. Let i be l(5). Let p be (3 - 4)/((-2)/8). Suppose -8*t + i*t + 5*s + 95 = 0, 0 = -p*t + s + 61. List the prime factors of t.
2, 7
Let l be (-68)/(-6) - (-2)/3. Let p(j) = 3*j + 26. Let g be p(l). Suppose -2*i = -3*z + g, 3*z + 4*i = 103 - 11. List the prime factors of z.
2, 3
Let q(s) = s**2 + 4*s - 7. Let w be (3/(-2))/(5/20). Let x be q(w). What are the prime factors of 41 - x*4/10?
3, 13
Let q(r) be the first derivative of -3*r**4/2 + 2*r**3 + 7*r**2/2 + 8*r - 5. Let u(y) = y**3 - y. Let k(f) = q(f) + 5*u(f). List the prime factors of k(5).
43
Let m(i) = -2*i + 11. Let r be m(4). Suppose g - 5*a = 4*g - 10, -12 = r*a. What are the prime factors of g?
2, 5
Suppose -o + 15 = -6*o, -23 = -2*r + 5*o. Let k be (-2)/r - (-5)/10. Suppose k = -5*f - 5, 26 = -2*b + 3*b - 4*f. What are the prime factors of b?
2, 11
Suppose -838 = -4*k + 2*z, -2*k + 6*k - 820 = -4*z. List the prime factors of k.
2, 13
Let y = 44 - 22. Suppose -x + y + 37 = 0. What are the prime factors of x?
59
Suppose -4*f - 4*t = 16, -f - 2*t + 37 = -4*f. Let b = 15 + f. Suppose -b = 2*l, 2*d = d + l + 21. List the prime factors of d.
2, 3
Let g be (-1)/(-1 + 7/8). Suppose 0*v = -2*v - g. What are the prime factors of v*(-2 + 25/(-2))?
2, 29
Suppose -4*k - 4*b + 11456 = 0, -k + 603 = 5*b - 2261. What are the prime factors of k?
2, 179
Suppose 5*p = 4*r - 116, 5*p = r + r - 68. Suppose -4*z + z = -r. List the prime factors of z.
2
Let r be 5*(-1 - (-2 + (-3)/(-15))). Suppose 3*c = -0*c + r*y + 357, -c = 2*y - 129. List the prime factors of c.
3, 41
Let t be 1/(-5) + 96/(-20). Let j be (-1)/(t/(-2) + -3). Suppose j*l - 261 = -2*l - 5*u, 0 = -l + u + 72. What are the prime factors of l?
3, 23
Let v = 21 + -18. Let t(u) = v*u**2 - u + 8*u + 3 - 2*u + 0. List the prime factors of t(-4).
31
Suppose -4*a + 130*d - 125*d = -16637, 5*d = -a + 4153. List the prime factors of a.
2, 3, 7, 11
Suppose -140 = -4*q + 260. What are the prime factors of q?
2, 5
Let c be (1 - 1) + (-6)/6. Suppose 0 = 14*o - 213 - 39. What are the prime factors of o + c + -7 + 3?
13
Let p = -43 - -47. Suppose -4*r = 4*s - 156, -5*s + 92 = p*r - 67. What are the prime factors of r?
2, 3
Suppose 0 = -2*u - 8*i + 5*i + 589, 3*i = 9. Suppose -3*v - 2*v + u = 0. List the prime factors of v.
2, 29
Suppose -176 = 5*t + 2*p + 37, 0 = -t - 3*p - 40. Let r = 101 + t. List the prime factors of r.
2, 29
Let p be (444/(-21))/(4/(-14)). Let q = -41 + p. What are the prime factors of q?
3, 11
Let q(r) = -r**2 - 41*r - 192. What are the prime factors of q(-16)?
2, 13
Let d(w) = 3*w + 47. What are the prime factors of d(11)?
2, 5
Let k = 102 + -94. What are the prime factors of 4/k + (-189)/(-2)?
5, 19
Suppose -3*d - d + 4 = 0, -3*r - d + 1 = 0. Suppose -3*x + 64 + 182 = r. What are the prime factors of x?
2, 41
Let t be (26/4)/(2/8). Let x be (t/(-8))/(6/(-24)). Let p = x - -4. List the prime factors of p.
17
Let k(a) = 15*a + 1. Let j be k(-2). Let b = j + 38. List the prime factors of b.
3
What are the prime factors of 1932/(-115)*(8/12 + -4)?
2, 7
Let l(y) = -y**3 + 27*y**2 - y - 47. List the prime factors of l(25).
2, 19, 31
Let u = 5 - 1. Suppose u*q - 61 = 163. Suppose 4*i - q = j - 4*j, -4*i + 88 = -5*j. What are the prime factors of i?
17
Suppose -21*l + 26*l + 8448 = 4*f, -5*f + 5*l = -10555. What are the prime factors of f?
7, 43
Let q(k) be the first derivative of -k**4/4 + 5*k**3 - 3*k**2/2 - 26*k - 12. List the prime factors of q(14).
2
Suppose 2*l - 1272 = -3*z, z = 2*z + 4*l - 434. List the prime factors of z.
2, 211
Suppose -4*h + 9*h = -15. Let t = -31 + 25. What are the prime factors of t/h + 25 + 2?
29
Suppose -3*l - 5*n = -754, -2*l - 40 + 543 = 3*n. Suppose -11*g = -l - 286. List the prime factors of g.
7
Suppose -x + 5*x - k - 36 = 0, -4*x + 36 = 3*k. List the prime factors of (3/x)/(2/954).
3, 53
Let k be -3 + -1 + 0 + 4. What are the prime factors of (10 - -58) + (k - -3)?
71
Suppose 0 = -5*k - q + 7860, q = -4*k - 1437 + 7725. List the prime factors of k.
2, 3, 131
Suppose 4*p - 38 = -q - 3, -3*q + 2*p 